-25). Calculate the remainder when l is divided by (-196)/(-12) - 2/u.
14
Let q(a) = 4*a - 8. Let r be q(-6). Let b = -739 - -680. Let g = r - b. Calculate the remainder when g is divided by 14.
13
Suppose 10 = 5*m + 5, -4*p = -3*m + 19. Let h be (-4 - (-335)/(-2))*p. Suppose 16*u - h - 546 = 0. What is the remainder when u is divided by 27?
23
Let r = -162 - -315. Let k = -6672 - -6698. Calculate the remainder when r is divided by k.
23
Let h be -3*67/(-24) + 24/(-64). Suppose h*y - 11 = 133. Calculate the remainder when 233 is divided by y.
17
Let z = -14 + 93. Suppose 4*k - z = -0*h - h, h + k = 73. Calculate the remainder when 207 is divided by h.
65
Let o(p) = 2*p**2 - 9*p + 2. Let j be o(6). Calculate the remainder when (312/j)/(24/60) is divided by 21.
18
Let m = -24107 - -24145. Let u(f) = -6*f + 1. Calculate the remainder when m is divided by u(-2).
12
Suppose 7*q - 5*q - b + 62 = 0, q + 3*b + 38 = 0. Calculate the remainder when (-2 + -80)/(32/q) is divided by 47.
35
Suppose -5*r = 5*g + 2495, r - g + 4*g = -493. Suppose 2*h - 38 - 58 = -3*b, 0 = -4*h. What is the remainder when 2/4 - r/4 is divided by b?
30
Let q = 196 + -114. Let o(j) = 5*j - 3. Let n(p) = -3*p - 24. Let m be n(-9). What is the remainder when q is divided by o(m)?
10
Let a = -10 + 142. Suppose 0 = 5*u - a - 243. What is the remainder when 374 is divided by u?
74
Let t = 5 - -5. Let p(g) = -g**3 - 2*g**2 + g - 7. Let l be p(-4). Suppose -17 = -3*b - 2*x, 3*x - l = -b - 6. Calculate the remainder when t is divided by b.
1
Suppose -7023*a = -6996*a - 374436. What is the remainder when a is divided by 201?
200
Let k = -19 - -24. Let j(b) = -b - 32. Let h be j(-16). Let r(v) = -5*v - 67. Calculate the remainder when r(h) is divided by k.
3
Let n(z) = z**2 + 16*z + 3. Let x be n(-16). Suppose 699 - 507 = x*s. What is the remainder when s is divided by 11?
9
What is the remainder when (3168/(-56))/(-3 - (648/315 + -5)) is divided by 28?
10
Let p = 2293 + -1135. Suppose 451*s + p = 457*s. Calculate the remainder when s is divided by 13.
11
Let l(m) = m**3 - 3*m**2 - 40*m + 16. Let k be l(8). Suppose -4*a = -k, 5*a - a = -t + 44. What is the remainder when 80 is divided by t?
24
Let t(p) = p**3 + 6*p**2 - 25*p - 65. Calculate the remainder when 253 is divided by t(-7).
9
Suppose p - 42 = -0*p. Suppose -2*n = -0*n - 4*x + 8, -n + x = 1. Suppose -w = n*c - 5*w - 336, -2 = w. Calculate the remainder when c is divided by p.
38
Let y = -4578 + 4611. Calculate the remainder when 82 is divided by y.
16
Suppose -10*y - 120 = -4*y. Let a be (-8)/6 - y/15. Suppose a*w = -3*w + 18. What is the remainder when 17 is divided by w?
5
Let m(q) = 81192*q - 649526. Let s = 9 - 6. Suppose -18 = -s*h + 9. Calculate the remainder when m(8) is divided by h.
1
Let z(m) = m - 4. Let k be z(20). Let g(i) = 7*i - 101. Let b = -189 + 320. Calculate the remainder when b is divided by g(k).
10
Suppose 0 = -5*b + 2*p + 527, -4*b = -2*p - 191 - 229. Let l be 32/(-24)*54/(-12). Calculate the remainder when b is divided by (81/l)/((-26)/(-52)).
26
Let o(q) = 7545*q - 75443. Suppose -3*z = -265 - 317. What is the remainder when z is divided by o(10)?
5
Let w be (-26)/(-39) - (-674)/(-3). Let z = 360 + w. Suppose 4*j = 3*j + z. Calculate the remainder when j is divided by 28.
24
Let j = -119 - -127. Suppose 5*k + 2 = 3*k. Let b = j - k. What is the remainder when 41 is divided by b?
5
Let o(s) = -9*s**2 - 20*s + 1. Let v(u) = -u**2 - u - 1. Let a(n) = -o(n) + 4*v(n). What is the remainder when 112 is divided by a(-5)?
32
Suppose 0 = -16*d + 14*d + 28. What is the remainder when 3981/21 - 8/d is divided by 10?
9
Let u(g) = 6*g + 103. Let s be u(-16). Suppose 122 = s*v - 25. Calculate the remainder when 165 is divided by v.
18
Let u(x) = 9*x**2 - x - 16. Let z be u(11). Suppose -o + z = 8*o. Let b = o - 69. What is the remainder when b is divided by 10?
9
Let i(h) = 12*h**2 + 130*h + 60. Calculate the remainder when 1557 is divided by i(-11).
81
Let y(o) = -4*o + 8. Suppose 5*i + 13 = 3*l - 34, -6 = -2*l - 3*i. Calculate the remainder when y(-6) is divided by (-9)/l*1*-11.
10
Let m(f) = 2*f**3 + 243*f**2 + 115*f - 591. Let h = 29 + -15. What is the remainder when m(-121) is divided by h?
9
Suppose 0*u - u + 25 = -m, -2*u = -m - 53. Suppose -6*h = -5*h - u. Calculate the remainder when 166 is divided by h.
26
Suppose 192*r - 1146 = 390. Calculate the remainder when 653 is divided by r.
5
Suppose 27*s - 21*s = 12. Let r be (-15)/(-15)*s/((-6)/(-33)). Suppose -i = -r - 3. What is the remainder when 66 is divided by i?
10
Let s(l) = l**2 - 3*l + 4. Let j be s(4). Suppose 39 - j = i. Suppose 8*x - 7*x = -17*x + 144. What is the remainder when i is divided by x?
7
Suppose 2*l + 108 = 3*l + 2*k, 5*l - 522 = -4*k. Let t(p) = 79*p**2 - 237*p + 8. Calculate the remainder when l is divided by t(3).
6
Suppose 0 = 159*o - 153*o - 222. Suppose 766 = -o*d + 2283. Calculate the remainder when d is divided by 6.
5
Suppose 17*w - 1282 = 2373. Let r = w - 204. What is the remainder when 73 is divided by r?
7
Let c = -12500 - -13015. Calculate the remainder when 1080 is divided by c.
50
Suppose 2 = -3*u + 32. Suppose -574 = -4*o - u*o. Suppose o + 6 = l. Calculate the remainder when l is divided by 14.
5
Suppose -106*o - 4652 = -1413*o + 37172. Suppose 0*a - 356 = -4*a. What is the remainder when a is divided by o?
25
Let l = 473 - 268. Suppose -2*c - 15 = -f, -169*f + 165*f - 5*c + 34 = 0. What is the remainder when l is divided by f?
7
Let g = 2 + 2. Suppose -155 + 59 = -g*f. Calculate the remainder when 68 is divided by f.
20
Suppose -4*w + 20 = -3*c + 7*c, -5*w = c - 29. Suppose -2*v + 2*m + 52 = 0, 3*v + 0*v - 2*m - 75 = 0. What is the remainder when v is divided by w?
5
Suppose -15922 = 1493*z - 1524*z + 32934. What is the remainder when z is divided by 261?
10
Calculate the remainder when 911*1 + (-53 - (34 - 83)) is divided by 28.
11
Let n = -863 - -6668. Suppose -130*q - n = -139*q. Calculate the remainder when q is divided by 27.
24
Let b = 125 - 87. Suppose 178 = -7*m + b. What is the remainder when (-10)/m + 710/4 is divided by 46?
40
Let n(k) = 3*k**2 - 108*k - 515. What is the remainder when 593 is divided by n(-5)?
93
Suppose 0 = 3*x + 17*x + 14*x - 374. Calculate the remainder when 9168 is divided by x.
5
Let z(r) = -r**2 + 7*r - 10. Let x be z(3). What is the remainder when 112 is divided by (x + -1 + -3)*-17 - 4?
22
Let n(j) = -12*j - 59. Let y be n(-5). What is the remainder when 104 is divided by (148/(-12))/(y - 8/6)?
30
Suppose -3*y - 3*k = 0, 16*y + 5*k = 13*y - 8. Calculate the remainder when y/2 - (-6 - 19) - -4 is divided by 8.
7
Let q(d) = -d**3 - 16*d**2 + 3*d + 53. Let k be q(-16). What is the remainder when 44 is divided by (-2)/(-11) - (k - (-720)/(-33))?
10
Let u(a) = 2*a**3 - 19*a**2 + 12*a + 7. Let o be u(8). Let l = 104 + o. Calculate the remainder when 118 is divided by l.
13
Let q(d) = 0 + 9*d**2 - 4 + 7*d**3 - 8*d**3 - 9*d + 3. Let v = 57 - 48. Calculate the remainder when q(7) is divided by v.
7
Let j = -4716 - -4779. Calculate the remainder when j is divided by 34.
29
Suppose 231882 = 93*k - 12*k - 28209. Calculate the remainder when k is divided by 189.
187
Let v(n) = 75*n**2 - n + 1. Let u be 0/(-3) + 0/(-5) + 146. Let f = u + -133. Calculate the remainder when v(1) is divided by f.
10
Let u be (4/10)/((-216)/(-30) - 7). Suppose -4*l - z = 50 + 630, u*l + 3*z + 340 = 0. Let g = 336 + l. What is the remainder when g is divided by 28?
26
Suppose -2*n + 190 = 14. Let p(c) = c + 10. Let m be p(-11). Let x(g) = -24*g - 1. Calculate the remainder when n is divided by x(m).
19
Suppose -7*k - 2*f = -6*k + 4, -f = 2*k - 1. Suppose q = -k*j + 24, -3 = -j - 3*q - 2*q. Calculate the remainder when j is divided by 7.
6
Suppose 3*n + 110 = 13*n. What is the remainder when 33 is divided by n + 1/(0 + 2/(-10))?
3
Let s(f) = 7*f - 81. Suppose 24 = 2*z + 7*j - 11*j, 2*j = -3*z + 60. Suppose -1193 + 303 = -5*v. What is the remainder when v is divided by s(z)?
43
Let c(o) = -2*o**3 - 9*o**2 - 19*o - 2. Let q be c(-6). Calculate the remainder when (q/6)/((-492)/(-36) - 13) is divided by 16.
7
Let y be (-11060)/(-7) + -4*3/(-4). Suppose -y = -6*c - 449. What is the remainder when c is divided by 64?
61
Su